6568129 prime?
True
Is 16349483 composite?
True
Is 4917145 a composite number?
True
Is 2258493 a composite number?
True
Is 3058823 a prime number?
False
Is 589423 prime?
False
Is 10295161 prime?
True
Is 956522146 composite?
True
Is 17664289 a composite number?
False
Is 45211 a composite number?
True
Is 1691641 a prime number?
False
Is 4078003 a prime number?
True
Is 787403 composite?
True
Is 125785967 composite?
True
Is 4394411 a prime number?
False
Is 284440103 a prime number?
False
Is 660938171 a composite number?
False
Is 810371 a composite number?
True
Is 5921813 composite?
True
Is 329503 prime?
True
Is 511223 composite?
False
Is 82871263 a prime number?
False
Is 4278793 composite?
True
Is 50745589 a composite number?
False
Is 1972889 composite?
False
Is 8666843 prime?
False
Is 518371417 a composite number?
False
Is 19708043 a composite number?
True
Is 269718929 a composite number?
False
Is 33571477 a composite number?
True
Is 2744411 composite?
False
Is 169633885 a prime number?
False
Is 148727 prime?
True
Is 15068737 a prime number?
True
Is 106693747 composite?
False
Is 97417301 a composite number?
False
Is 565163 prime?
True
Is 95397329 composite?
False
Is 145621577 prime?
True
Is 38305493 a composite number?
False
Is 2729017 a prime number?
True
Is 102034633 a prime number?
False
Is 729139 composite?
False
Is 448315331 composite?
False
Is 3350426 prime?
False
Is 1573699 a composite number?
False
Is 400810573 a composite number?
False
Is 25026357 prime?
False
Is 435997 composite?
False
Is 32780773 a prime number?
False
Is 33741551 a composite number?
False
Is 48001259 a prime number?
True
Is 50440015 composite?
True
Is 652445545 composite?
True
Is 20854061 prime?
True
Is 4257469 prime?
True
Is 67586467 a composite number?
True
Is 272414 prime?
False
Is 6216313 composite?
True
Is 38047337 composite?
False
Is 19419913 composite?
False
Is 22211927 a composite number?
False
Is 978113 composite?
False
Is 1694599 composite?
False
Is 3366871 a prime number?
False
Is 40083541 a prime number?
True
Is 979709 a prime number?
True
Is 5858003 prime?
True
Is 88284733 a composite number?
False
Is 225597997 a composite number?
False
Is 1802059 composite?
True
Is 280096433 a prime number?
True
Is 89103761 a composite number?
False
Is 3496799 a prime number?
True
Is 7220683 a composite number?
True
Is 127225693 composite?
True
Is 5605939 a prime number?
True
Is 121621829 a prime number?
False
Is 23366593 composite?
False
Is 187661641 prime?
False
Is 11563507 prime?
True
Is 21687691 a composite number?
False
Is 29643517 a prime number?
True
Is 348345137 a prime number?
False
Is 65208343 prime?
True
Is 80960657 a prime number?
True
Is 268187207 prime?
True
Is 1359329 prime?
True
Is 32629133 composite?
True
Is 1096784795 a prime number?
False
Is 30591797 a prime number?
True
Is 5462719 composite?
False
Is 20550659 a prime number?
True
Is 713093 a prime number?
False
Is 287411603 composite?
True
Is 2513327 composite?
False
Is 18530957 prime?
False
Is 112520267 a composite number?
False
Is 8239859 a prime number?
False
Is 20263574 a prime number?
False
Is 39228055 a composite number?
True
Is 68728631 a composite number?
False
Is 4307777 prime?
False
Is 22780903 composite?
True
Is 142396141 a composite number?
False
Is 3172207 a composite number?
False
Is 32332119 prime?
False
Is 5184097 a composite number?
True
Is 144636337 a composite number?
True
Is 759105877 prime?
True
Is 13664699 prime?
False
Is 17685377 composite?
False
Is 253705 a prime number?
False
Is 83904293 prime?
False
Is 15584347 a composite number?
False
Is 23684359 a prime number?
True
Is 14111633 composite?
False
Is 7717147 a composite number?
False
Is 7991539 a composite number?
True
Is 241037 prime?
True
Is 20257163 a composite number?
False
Is 4423081 composite?
True
Is 1234427 composite?
True
Is 25823613 prime?
False
Is 2232869 a prime number?
True
Is 4080983 a prime number?
True
Is 3306907 a composite number?
False
Is 148208945 a prime number?
False
Is 311419 a composite number?
False
Is 6503989 a prime number?
False
Is 24664799 composite?
False
Is 122764129 prime?
True
Is 7171249 composite?
False
Is 4953437 a composite number?
True
Is 38304173 a prime number?
True
Is 121031 prime?
False
Is 3887873 a composite number?
True
Is 5518811 a prime number?
False
Is 104563 composite?
True
Is 256811 a composite number?
True
Is 8579383 a prime number?
False
Is 452593 prime?
False
Is 28165727 a composite number?
False
Is 1854089 prime?
True
Is 328037 prime?
True
Is 19109905 prime?
False
Is 276059103 a prime number?
False
Is 69649469 composite?
False
Is 5869739 composite?
False
Is 210952657 a prime number?
True
Is 1091777 composite?
False
Is 14330345 a composite number?
True
Is 1031941 a composite number?
True
Is 6808951 prime?
False
Is 11878157 a composite number?
True
Is 12084511 prime?
True
Is 29643811 composite?
True
Is 2741201 prime?
True
Is 30065881 composite?
False
Is 15335779 prime?
False
Is 251335369 prime?
False
Is 76732387 composite?
False
Is 2606363 composite?
True
Is 108414521 composite?
True
Is 71199767 a composite number?
False
Is 10590707 a prime number?
True
Is 35896699 a composite number?
False
Is 64946605 composite?
True
Is 5877737 prime?
True
Is 62701241 a composite number?
False
Is 14119579 a composite number?
False
Is 345709697 composite?
False
Is 6348655 composite?
True
Is 3190534 a prime number?
False
Is 1072613 a prime number?
True
Is 257676227 a composite number?
False
Is 303917 a composite number?
False
Is 39016727 a prime number?
True
Is 23696427 composite?
True
Is 194672717 composite?
False
Is 19108777 composite?
False
Is 1968557 composite?
True
Is 259146539 a composite number?
False
Is 1883173 composite?
True
Is 247573 a composite number?
True
Is 487298359 a prime number?
False
Is 42395471 prime?
False
Is 1737293 prime?
False
Is 88425851 prime?
True
Is 631223 prime?
True
Is 8456717 a composite number?
False
Is 29173899 prime?
False
Is 24246149 a composite number?
False
Is 169800011 a composite number?
False
Is 2521133 prime?
False
Is 20877011 prime?
True
Is 36149323 a composite number?
True
Is 176939659 a prime number?
False
Is 2259578083 prime?
False
Is 296967233 prime?
False
Is 34300831 a prime number?
True
Is 5638103 a prime number?
True
Is 59766061 prime?
True
Is 1212781 a composite number?
False
Is 1009433 prime?
True
Is 200215471 prime?
True
Is 7127027 a prime number?
True
Is 1553219 prime?
False
Is 728207 prime?
True
Is 4603999 composite?
False
Is 5330797 prime?
True
Is 4011389 prime?
False
Is 238042117 composite?
False
Is 2225479 a composite number?
True
Is 84256451 prime?
True
Is 3427889 a prime number?
False
Is 3424283 a composite number?
False
Is 95702311 a prime number?
True
Is 2984851 composite?
True
Is 97108073 composite?
True
Is 2791897 composite?
False
Is 309371 a composite number?
False
Is 18652367 composite?
True
Is 23749061 prime?
False
Is 1037339 prime?
True
Is 9523673 composite?
False
Is 107390087 a composite number?
True
Is 4356083 composite?
False
Is 23029421 composite?
False
Is 54245731 a composite number?
False
Is 910536821 prime?
True
Is 115873 a composite number?
False
Is 1977793 a composite number?
True
Is 146857895 a composite number?
True
Is 13660499 prime?
True
Is 354599513 prime?
True
Is 546941 prime?
False
Is 682742227 a prime number?
False
Is 23355061 composite?
True
Is 617623397 composite?
True
Is 93087067 composite?
False
Is 115618333 composite?
False
Is 1623911 a composite number?
True
Is 13463999 composite?
False
Is 21239669 a composite number?
True
Is 14548297 composite?
True
Is 5657251 prime?
True
Is 11265671 composite?
False
Is 4823369 a prime number?
True
Is 47419871 composite?
False
Is 3420439 prime?
False
Is 877862933 prime?
True
Is 110817065 a composite number?
True
Is 1239089 a composite number?
False
Is 108091769 prime?
True
Is 12899893 prime?
True
Is 593767 a prime number?
True
Is 1840939 prime?
True
Is 889123 a composite number?
False
Is 3279173 a composite number?
False
Is 103893841 a prime number?
True
Is 12048979 prime?
True
Is 44819245 composite?
True
Is 82250269 composite?
False
Is 676093 prime?
False
Is 9157 composite?
False
Is 44260045 a prime number?
False
Is 488190074 prime?
False
Is 622214809 prime?
True
Is